e factors of y.
2, 3
Let z(w) = w - 1. Let k(j) = 3*j - 4. Let r(s) = k(s) - 6*z(s). What are the prime factors of r(-4)?
2, 7
Let l(t) be the third derivative of 0*t - 1/4*t**4 + 0 - 5/3*t**3 + 1/60*t**5 + 4*t**2. List the prime factors of l(9).
17
Suppose -5*m + 3*l = -113, m - l - 14 - 9 = 0. Let a be -1 + m/(-4)*-6. Let h = a + -14. List the prime factors of h.
2, 3
Let n = -2 + 4. Suppose -3*r = -2*l - 2*r + 9, l - 5*r - 9 = 0. Suppose -l*k = n*f, -f - 5*k - 5 = 4. List the prime factors of f.
2, 3
Suppose 3*k - 3*a = -0*k + 147, -2*k = a - 89. What are the prime factors of k?
2, 23
Let a(k) = k**3 + 9*k**2 + 7*k + 4. What are the prime factors of a(-4)?
2, 7
Let m = -39 - -44. List the prime factors of m.
5
Let v(y) = -y - 1. Let r(p) = 12*p**2 - p + 4. Let s(t) = r(t) + v(t). List the prime factors of s(2).
47
Let s(l) = -l**3 + 7*l**2 - l + 9. Let p be s(7). Suppose 3*h - 103 = -5*j, -2*h + 44 = 2*j + p*h. List the prime factors of j.
2, 5
Let o(i) = -i**3 - i + 100. What are the prime factors of o(0)?
2, 5
Let n(j) = 6*j**2 - 7*j**2 + 3 + 7*j + 0*j. Let f be n(6). Let r(y) = -y**2 + 11*y - 4. List the prime factors of r(f).
2, 7
Let z(c) = 2*c**3 - 3*c**2 - c + 4. What are the prime factors of z(4)?
2, 5
Let o = 4 + -3. Let u = -1 + o. Suppose u = -j - j + 14. List the prime factors of j.
7
Let f(d) = 23*d**3 - d**2 - d + 1. Let b be f(1). Let c(g) = -g**3 + 6*g**2 - 2*g + 3. Let v be c(6). Let x = b + v. What are the prime factors of x?
13
Let s = 136 - 134. List the prime factors of s.
2
Let w(y) = -y**3 + 2*y + 1. Let j be w(2). Let v = j + 3. Suppose 3*s - 8*s + 25 = v. List the prime factors of s.
5
Suppose -6 = -2*i + 3*u, 3 + 1 = -2*u. Let n = 2 + i. Suppose -n*b - b = -21. List the prime factors of b.
7
Let a(h) = h**2 - 6*h + 5. Let g be a(4). Let q be (g*1)/(3/10). List the prime factors of q/3*54/(-15).
2, 3
Let g(z) = 82*z**3 - 2*z**2 - 3*z + 2. List the prime factors of g(1).
79
Let b = -40 + 59. What are the prime factors of b?
19
Suppose 5*n - 2*g - 22 = 16, -2*n + 3*g + 24 = 0. List the prime factors of n.
2, 3
Let a = 1 - 7. List the prime factors of (15/(-9))/(1/a).
2, 5
Suppose 2 = -2*x - 2*g + 8, -3*g = 2*x - 11. Let t = 7 + x. List the prime factors of t.
5
Let f(l) = -l**3 + 6*l**2 + 11*l - 6. What are the prime factors of f(7)?
2, 11
Let j be 20/3 - 6/9. Suppose -2*n - 2*l + j = -4*l, -3*n + 7 = -4*l. Suppose 0 = -n*m + 11 + 34. List the prime factors of m.
3
Suppose -3*s = 12 - 30. Let g = s - 2. Suppose -g*k = p - 7 - 21, -5*p - k + 102 = 0. What are the prime factors of p?
2, 5
Suppose 3*w - 2*k - 80 = w, 5*k + 165 = 4*w. What are the prime factors of w?
5, 7
Let i = -20 - -33. List the prime factors of i.
13
Let m(w) = w**3 + 5*w**2 - 7*w + 3. Let f be 16/(-12)*18/4. List the prime factors of m(f).
3
Let q = 2 - -34. What are the prime factors of q?
2, 3
Suppose -95 = -3*d + 73. List the prime factors of d.
2, 7
Suppose 0*a - 3 = a. Let g(v) = -v**3 - 4*v**2 - 2*v - 2. Let n be g(a). List the prime factors of n/(-2)*(-16)/(-2).
2, 5
Let a(w) = 5*w**2 - 45. What are the prime factors of a(9)?
2, 3, 5
Suppose -5*g + 63 = t - 0*g, -55 = -t + 3*g. List the prime factors of t.
2, 29
Let g(p) = 5*p**2 - p - 1. Let h(j) = -9*j**2 + 2*j + 3. Let k(y) = 7*g(y) + 4*h(y). Let r be (-1)/1*(1 - 1). List the prime factors of k(r).
5
Suppose 0 = h - 2*h + 3. Suppose -5*s + 6 = h*g, 2*g - 5*s = 4 - 0. Let n = 1 + g. List the prime factors of n.
3
Let k = 3 + 68. List the prime factors of k.
71
Let h = 6 - -15. Let m = -6 + h. What are the prime factors of m?
3, 5
Suppose 15 = 5*h - p, 0 = 3*h - 3*p - 13 - 8. Suppose -h*a + 16 = 2*a. List the prime factors of a.
2
Let h(a) = 6*a + 5. Let o(y) = -17*y - 14. Let z(u) = 8*h(u) + 3*o(u). What are the prime factors of z(-3)?
7
Suppose 104 = 4*u + 5*q, -5*u - 3*q = -2*q - 151. List the prime factors of u.
31
Suppose -4*g - 2*k - 378 = k, 0 = 4*g - 3*k + 390. Let h be 2 - 1/((-3)/g). Let o = 42 + h. What are the prime factors of o?
2, 3
Suppose u + 2*u = 18. Let j be (-4)/(u/(9/3)). List the prime factors of j/11 - 844/(-44).
19
Suppose 0 = -d + 3 + 1. Suppose -v + 0 = -d. List the prime factors of v.
2
Suppose -15 = -4*m - 2*h + 29, -2*h + 54 = 5*m. List the prime factors of m.
2, 5
Let w(a) = -a - 7. Let v be w(-7). Suppose n = -v*n. Suppose n = 3*x - 1 - 2, -5*x - 40 = -5*u. List the prime factors of u.
3
Let b be (-3)/4 - 3090/8. What are the prime factors of (-3 + 1)/(18/b)?
43
Suppose 4 = -x + 53. Suppose -1 + x = 4*m. List the prime factors of m.
2, 3
Let q(y) = -y**2 + y + 2. Let t be q(0). Suppose -t*u = -3*d + 160 - 47, -d = -2*u - 31. What are the prime factors of d?
41
Let g = -55 - -96. Let a = g + -24. What are the prime factors of a?
17
What are the prime factors of 0 + 188 + (-12 - -14)?
2, 5, 19
Let g = -465 + 712. What are the prime factors of g?
13, 19
List the prime factors of 2/(1*(8 + -2))*369.
3, 41
Suppose t + 24 = 3*t. List the prime factors of t.
2, 3
Suppose -2*m = 3*k - 328, 3*k - 285 = 5*m + 8. List the prime factors of k.
2, 53
Let k be (-18)/(-3) - (-1 - 0). Suppose -3*g + 5*q + 30 = 0, -2*q + k*q = 5*g - 50. What are the prime factors of g?
2, 5
Let z(t) = t**2 - 9*t + 8. Suppose -3*i - 3*i = -72. What are the prime factors of z(i)?
2, 11
Let q = 7 - 7. Suppose 2*h - 20 = h + 2*y, h + 2*y - 12 = q. List the prime factors of h.
2
Let o(d) be the third derivative of 13*d**4/24 + 15*d**2. Suppose -4*y + 1 = -3. List the prime factors of o(y).
13
Let s(l) = 25*l - 1. Let c be s(2). Suppose 0 = 5*d - 0*d. Suppose 4*b - g - 9 = c, 4*b + 3*g - 50 = d. List the prime factors of b.
2, 7
Let b = 6 + -4. Let k = -21 + 11. What are the prime factors of b/2 - (k - 3)?
2, 7
Suppose -4*c = -5*k + 21, -4*c = -2*k + k + 1. Suppose k*v = v + 200. List the prime factors of v.
2, 5
Let q(w) = w**2 + 12*w - 12. List the prime factors of q(8).
2, 37
Suppose -b = -4*h + 17, 0*b - 2*b - 2*h = 14. Let v = 41 + b. Suppose 4*f + 1 - 9 = -4*n, 4*n = 2*f + v. What are the prime factors of n?
2, 3
Let t be (-24)/(-18) - (-2)/3. Suppose -4*w + 106 = 2*n, -2*n = t*w - 6*w - 146. Suppose 3*v - n = -0*v. List the prime factors of v.
3, 7
What are the prime factors of 18/8*(-160)/(-30)?
2, 3
Let p be (-14)/(-91) - (2 + 178/(-26)). Suppose -f - 4*r = -49, 4*f = -f - 2*r + 155. Suppose 3*u - f = -4*g, 4*u - p*g = 3*u + 35. List the prime factors of u.
3, 5
Let t = -132 - -225. What are the prime factors of t?
3, 31
Let p(w) = -2*w**3 + 2*w**2 - 4*w - 1. Let i(d) = d**3 - 3*d**2 + 5*d + 2. Let c(b) = 2*i(b) + 3*p(b). List the prime factors of c(-2).
37
Let q be (-4)/14 + (-57)/21. Let z be 3/9 + (-80)/q. Suppose -5*t + 20 = 5*l, 0 = 3*l - 0*t - 2*t - z. What are the prime factors of l?
7
Let r be 1/3 - (-342)/27. Let w = r + -7. What are the prime factors of w?
2, 3
Let h = 0 + 11. List the prime factors of h.
11
Let a = -39 - -32. Let t(h) = h - 1. Let y(x) = -7*x. Let j(v) = 5*t(v) + y(v). List the prime factors of j(a).
3
Suppose 5*f - 111 - 134 = 0. What are the prime factors of f?
7
Let s(r) = r**2 - 6*r - 4. Let o be s(6). Let p = o - -6. List the prime factors of (1 - p)*-2 + 2.
2
Let t = 15 - 27. Let q = t + 24. What are the prime factors of q?
2, 3
List the prime factors of (7 + -43)*(1 - 2).
2, 3
Suppose -3*w + 704 = -4*v, -w + 6*w = -2*v + 1182. What are the prime factors of w?
2, 59
Let h(k) = -k**2 + 9*k - 11. Let b be h(8). List the prime factors of (-166)/(-6) - b/9.
2, 7
Let z be (-12)/(-8)*(-20)/(-3). Suppose 3*j + q = z, -3*q - 9 = j - 5*j. What are the prime factors of j?
3
Let c(w) = 12*w + 6. Let s be c(-7). Let q be s/(-24) - 1/4. Suppose 0 = -5*b + z + 60, -12 - 6 = -3*b - q*z. What are the prime factors of b?
11
Let l(z) = -5*z**3 - 6*z**2 + 3*z - 8. Let o(h) = 4*h**3 + 6*h**2 - 2*h + 7. Let x(k) = -3*l(k) - 4*o(k). Suppose 2*m + 7 = -5. List the prime factors of x(m).
2
Suppose 2*l - 684 = -4*x - 3*l, 5*l = x - 146. List the prime factors of x.
2, 83
Suppose 2*x + 88 = 6*x. List the prime factors of x.
2, 11
Suppose 0 = -3*r - 20 - 10. Let v = 2 + r. Let k(f) = f**2 + 8*f + 4. What are the prime factors of k(v)?
2
Suppose 21 = 5*o + 1, 184 = 3*r + o. List the prime factors of r.
2, 3, 5
Let m be (32 - 2)/3 - 2. Let u = m - -2. Suppose -4*b = u - 62. List the